22. What is the highest common factor of 54 and v?
18
Let w be (-1201)/(-2) - 0 - (-24)/48. Suppose 4*f + w = i + 48, 0 = -4*f - 20. What is the greatest common factor of 82 and i?
41
Suppose 2*i - 3*u + 18 = 4*i, -2*u = -i + 16. Suppose 4*b = -i*b + 2688. What is the highest common divisor of 28 and b?
28
Let r be ((-76)/(-10))/((-17)/(-85)). Let d be (28/(-35))/(4/(-190)). Calculate the highest common divisor of d and r.
38
Let v be 1400/(-6)*(-6228)/2422. Calculate the greatest common divisor of 66 and v.
6
Suppose -3*r - 3*d = -5*r + 205, 6 = 6*d. What is the highest common factor of r and 1144?
104
Let x(b) = 120*b**3 - 11*b**2 + 39*b - 76. Let r be x(3). What is the greatest common factor of 296 and r?
74
Let q be ((-33)/6 + 2)*8/4. Let a = q - -47. What is the highest common factor of a and 110?
10
Suppose 0 = -4*a - r + 3, 3*a = 5*r - 17 + 2. Suppose 5*d - 3 - 7 = a. Suppose -2 = d*u - 72. Calculate the greatest common divisor of u and 7.
7
Suppose -3*j + 46 = -r, 4 = r + r. Suppose 94 = j*m - 34. Let a(g) = g**3 + 7*g**2 - 3*g - 4. Let v be a(-4). Calculate the highest common divisor of v and m.
8
Let w be 34 + 7 - (14 - 0). What is the greatest common factor of w and 738?
9
Suppose 12*a - 403 - 221 = 0. Suppose -p - 2*p - 39 = -q, -4*q + 76 = 4*p. Let k = 37 - q. What is the greatest common factor of k and a?
13
Let q(i) = 20*i**2 - 3*i - 41. Let p be q(8). Calculate the highest common factor of 1485 and p.
135
Suppose 4*a - 115 = 2*x + 109, -4*a + 230 = x. Calculate the highest common factor of 380 and a.
19
Let i be (9/6)/((-15)/(-20)). Let u(z) = 6*z. Let n be u(i). What is the highest common factor of n and 114?
6
Let i(n) = 6*n**2 + n + 1. Let d be i(-2). Let y be (d - 10)*(1 + 0). Suppose 0 = -2*o + 35 + y. Calculate the highest common divisor of 120 and o.
24
Let r be (-42)/(-6) + -11 - -52. Calculate the greatest common divisor of 19632 and r.
48
Suppose 0 = 6*p + 25 - 1. Let c be (1 + -13)/p*69. What is the greatest common divisor of c and 9?
9
Let x(r) = r**3 - 4*r**2 + 16*r - 32. Let t be (16/14)/((-16)/(-56)). Let d be x(t). Calculate the greatest common divisor of d and 72.
8
Let k(x) = 7*x - 280. Let m(j) = j + 2. Let a(s) = k(s) + 7*m(s). Let w be a(28). What is the greatest common factor of w and 441?
63
Let f(j) = -j**3 - 5*j**2 - 2*j - 4. Let u be f(-5). Suppose 0 = -s + 8 - u. Suppose -70 = -s*y + 16. Calculate the highest common factor of 43 and y.
43
Let t(o) = -o**2 - 25. Let i be t(0). Let a = i - -40. Let p(z) = 163*z + 4243. Let q be p(-26). What is the highest common factor of a and q?
5
Suppose -31*b - 972 = -34*b + 8*w, -b + 370 = 5*w. What is the highest common factor of 16 and b?
4
Let n be (-10 + 430)*(-140)/(-98). What is the greatest common factor of n and 24?
24
Suppose o = j + 177, 4*j = -5*o - 0*j + 930. Calculate the highest common factor of o and 1.
1
Let u(o) = -o**2 - 5*o + 8. Let p be u(-8). Let h(g) = -8 + 4 - 3*g - 21. Let q be h(p). Calculate the highest common divisor of 23 and q.
23
Suppose 2*d + 2*g = 22, d - 3*g + 19 = 2*d. Suppose d*q + 36 = 13*q. Calculate the greatest common divisor of q and 14.
2
Let s = 307 - -8. Suppose -4*t = -11*t + s. Let y be 9/(-1 - 6/(-3)). Calculate the greatest common factor of t and y.
9
Let p(i) = -i**2 - 63*i + 1184. Let a be p(13). What is the greatest common divisor of a and 17738?
98
Let f(s) = 278*s**2 + 31*s + 14. Let r be f(-4). What is the highest common factor of 36 and r?
18
Let o be (-21)/35 + ((-212)/(-20) - 2). Let p be o - 11/((-55)/800). What is the highest common factor of p and 280?
56
Let m be (-1326)/4*(-4)/6. Let o(b) = -b**2 + 205*b - 6164. Let l be o(37). Calculate the highest common divisor of l and m.
13
Let p = -473 - -470. Let t be (4/(-4))/(p/180). What is the highest common factor of t and 36?
12
Let r = 8340 - 8335. Calculate the greatest common factor of r and 695.
5
Let s be (-1)/(6/207)*16/(-24). Suppose 5520 = s*r + r. Calculate the greatest common divisor of 46 and r.
46
Let w(g) = 2*g**3 + 2*g**2 - 14*g - 25. Let x be w(-7). Let c = x + 1104. Calculate the highest common factor of c and 31.
31
Let j be (638/(-3))/(21/(-819)). Calculate the highest common factor of 78 and j.
26
Let t = -9751 - -9922. Calculate the highest common divisor of t and 1431.
9
Let p = -20365 - -25905. Calculate the highest common factor of 5 and p.
5
Let l be (68/(-5))/(16/40). Let n be -3 + 3 - (l + -9). What is the greatest common divisor of 602 and n?
43
Suppose 0 = p + 2*x - 145, 6*p + 4*x + 520 = 10*p. Let b be 81/p - 207/(-5). Calculate the greatest common divisor of 63 and b.
21
Suppose 1052 = -4*w + 1020. Let m be (-1)/(w/(-576)*-3). Let a = 104 - 74. What is the highest common factor of a and m?
6
Let u be 30/(-210) + (-15)/(-7). Suppose 2*i - 4*q + 8 = 0, i - 5 = u*q - 3*q. Calculate the highest common divisor of i and 2.
2
Let n(i) = 5*i - 4. Let f be n(5). Let s = -984 + 782. Let a = 208 + s. Calculate the highest common factor of a and f.
3
Let l be (-1456)/(-20) - (-12)/60. Suppose -2*p = o - 63, -2*p - 21*o + 22*o + l = 0. Calculate the highest common divisor of p and 119.
17
Let y be (48/(-10))/(162/(-34560)). What is the greatest common divisor of y and 8?
8
Suppose 2*n - 5*f = -247, 4*n - 5*f + f = -476. Let w = n - -132. Calculate the greatest common divisor of 640 and w.
16
Let a be (-2 - (-48)/26) + 2801664/4446. Calculate the highest common divisor of 567 and a.
63
Let b be 155*(14364/(-35))/(-18). Calculate the highest common factor of 248 and b.
62
Let z = -35 + 83. Let h(x) = x**3 + 8*x**2 + 6*x + 4. Let p be h(-7). Suppose 4*t + 672 = p*t. What is the greatest common divisor of z and t?
48
Let k(t) = 2*t**2 + t + 374. Let l be k(0). Let j be 658/30 - 2/(-30). Calculate the greatest common factor of j and l.
22
Suppose 359 = -4*c - c - 4*r, -c + 4*r - 91 = 0. Let b = -135 - c. Let k be (8/5)/((-3)/b). Calculate the highest common factor of k and 48.
16
Let l = 109 + -77. Let z = -1362 - -1364. Calculate the greatest common factor of z and l.
2
Let t be 6/8 + 120669/228. What is the greatest common factor of t and 50?
10
Let n be (-14)/(-77) - (-16796)/187. What is the highest common factor of n and 30?
30
Let p(y) = -3*y + 46. Let l be p(14). Suppose -o = -l*j - 110, 5*j + 4*o + 49 = -78. Let q be (j/12 + 1)*-12. What is the highest common factor of 5 and q?
5
Let b be (22/2)/(27/(-135)). Let k = 15 - b. What is the greatest common divisor of 14 and k?
14
Let u = 105 + -162. Let q = -50 - u. Let a = -87 + 143. Calculate the highest common factor of a and q.
7
Let v be (-249)/4 + 1/4. Suppose 7*d + 210 = -0*d. Let i = d - v. Calculate the highest common factor of i and 160.
32
Let b(g) = -10*g**3 - 2*g**2 - 7*g - 13. Let a(h) = -6*h - 9. Let v be a(-1). Let u be b(v). Calculate the greatest common divisor of 78 and u.
26
Suppose 5*m + 550 = 5*c, 0*c - 4*c + 2*m + 448 = 0. Suppose -21*y + 1061 = -2530. Calculate the highest common factor of y and c.
57
Let y be 1/(14/(-6) + 2) + 71 + -22. What is the highest common factor of 11868 and y?
46
Let a(g) = 5*g + 112. Let n(h) = 3*h + 112. Let r(v) = 3*a(v) - 2*n(v). Let u be r(0). Calculate the greatest common factor of 7 and u.
7
Let h be (-1 - (-4)/3)*114. Let z = 1342 - 908. Suppose 0 = -9*j + 2302 + z. Calculate the highest common factor of j and h.
38
Let j be ((-6)/(-5))/(-6) + 822/(-15). Let n = j - -61. Calculate the highest common factor of n and 3.
3
Let p be 37807/11 - 2*(-10 + 5). What is the greatest common divisor of p and 99?
9
Suppose 75*f + 25*f - 3014100 = 0. Calculate the highest common factor of f and 153.
153
Suppose -216 = -4*p + 3*x, 3*x = 59*p - 56*p - 162. What is the highest common factor of p and 14?
2
Suppose 5*q = 4 + 136. Suppose 0 = -5*g + 3*h + 55, -g + 24 = h + h. Suppose -g = -6*x + 10. What is the greatest common factor of q and x?
4
Let r be 8 - -11 - 4 - (3 + -4). What is the greatest common factor of r and 184?
8
Let o be (-594)/(-9) + 3 + -3 + 0. What is the greatest common divisor of 825 and o?
33
Suppose 820 - 417 = 45*g - 1352. Suppose -j - 2*s = s - 43, -5*s + 89 = 2*j. Calculate the highest common divisor of j and g.
13
Suppose 12 = 4*w - 4, 3*w = -5*t + 132. Suppose 51 = 2*i + h, i - 39 = -30*h + 25*h. What is the highest commo